j, 3*m - 2*j - 37 = -7*j. Let b = -1 + m. Let k(t) = 5*t**3 - 1 + 2 + b - 3 + 2*t. Determine k(-1).
-6
Let k be 12/5 + 6/(-15). Let a(c) = 6*c + 14*c**2 + c**3 + 5*c**2 - 6 - 12*c**k. Give a(-6).
-6
Let k = 6 + -3. Let d(f) = 8*f**2 - 3*f**2 - f**3 - f**2 - 4 - k*f. Suppose -4*l + 4*u = -u - 32, 2*u + 23 = 5*l. Determine d(l).
-4
Let n be (-4)/(-3)*12/(-8). Let r = 1 - n. Suppose 2*x = a - 10, x + 10 = r*x + 4*a. Let p(y) = 2*y + 1. What is p(x)?
-5
Suppose 0 = -16*t + 15*t - 3. Let i(c) = -3*c - 5*c**2 + 1 + 2*c**2 - c**3 - c**2. Give i(t).
1
Let y be 8/(-10) - (-2 - 62/(-10)). Let h(a) = -a. Let p(s) = -7*s + 2. Let b(c) = -6*h(c) + p(c). Give b(y).
7
Let c = -56 + 59. Let d(t) = t**3 - 4*t**2 + 3*t - 4. Determine d(c).
-4
Let d = 124 + -122. Let u(n) = -n + 1. Give u(d).
-1
Let t(y) = -y**2 - 3*y. Let d(j) = -2*j**2 - 5*j + 1. Let p(q) = q - 1. Let k be p(-2). Let o(n) = k*d(n) + 5*t(n). Determine o(3).
6
Let v(x) be the third derivative of 0*x + 1/12*x**5 + 1/120*x**6 - 1/3*x**3 + 5/24*x**4 + 0 - 3*x**2. Give v(-4).
-6
Let f = -4 - -4. Let z(j) = 7*j**2 - 7*j - 10. Let p(v) = 6*v**2 - 6*v - 10. Suppose -d + 0*d = 6. Let x(q) = d*p(q) + 5*z(q). Calculate x(f).
10
Let p be 9/(-4 - -1) + 10. Let f(s) = -2*s + 5. Give f(p).
-9
Let i = 43 + -40. Let t(l) = l**3 - 4*l**2 + l + 1. What is t(i)?
-5
Let n = -12 + 8. Let o be 0 + -7 + n/(-2). Let b(t) = -t + 2. What is b(o)?
7
Let b = 0 - 0. Suppose -p + 2*p = 0. Let l be (0 + (b - p))/(-1). Let j(w) = -w**2 - w + 4. Give j(l).
4
Let q(c) = c**2 - 5*c - 5. Let z be q(5). Let b(v) = 3*v + 2*v**2 - 3*v**2 - 7*v + 0*v + 3. Calculate b(z).
-2
Let z(n) = n - 5. Let a be z(8). Let x(f) = f**2 - 7*f - 8. Let u(q) = q + 1. Let k(r) = 6*u(r) + x(r). Calculate k(a).
4
Let v(s) = s**2 - 7*s + 4. Let b be v(7). Let w(x) be the second derivative of 0 + 5/2*x**2 - 1/6*x**3 - 2*x. Determine w(b).
1
Suppose 4*l + 5*f + 18 = 5*l, -f = -2*l + 9. Suppose -n + 1 = -0*n, 0 = -l*d + 4*n + 2. Let g(j) = -9*j**2 + 3 - d*j - 3*j + 8*j**2. Calculate g(-5).
3
Let h = 49 + -42. Let y(a) = a - 10. What is y(h)?
-3
Let k(v) be the first derivative of v**4/4 - v**3/3 + v**2/2 + 14*v + 3. Determine k(0).
14
Let i be 270/35 - (-4)/14. Suppose 0 = -2*k - i, k - 19 = 3*g + 2*k. Let w(b) be the first derivative of -b**2 - 6*b + 1. Calculate w(g).
4
Let s = -29 - -29. Let p(z) = -z + 5. Calculate p(s).
5
Let l(a) = 3*a**3 - 5*a + 4. Let r(w) = -4*w**3 - w**2 + 6*w - 5. Let y(f) = -5*l(f) - 4*r(f). Determine y(-4).
-4
Let g(f) = -4*f - 1. Let o(x) = -5*x - 2. Let z(j) = 4*g(j) - 3*o(j). Give z(-5).
7
Let h = 69 + -48. Suppose -d + 5*j + 0*j - 15 = 0, 5*d = j + h. Let v(c) = 7*c**2 - 6*c**2 - c - 5 - 3*c. Determine v(d).
0
Suppose f + 21 + 9 = 0. Let t be (f/(-9) - 3)*6. Let u(v) be the second derivative of v**3/6 - v**2/2 + v. Give u(t).
1
Let v(l) = l. Let q be v(-1). Let j(z) = -14*z + 14. Let h(k) = 5*k - 5. Let c(s) = -17*h(s) - 6*j(s). Calculate c(q).
2
Let t(b) be the second derivative of -2/3*b**3 - 5*b + 1/20*b**5 - 1/2*b**2 - 1/12*b**4 + 0. What is t(3)?
5
Let k(z) be the second derivative of 0 - 4*z - 1/3*z**3 + 11/2*z**2. Calculate k(8).
-5
Let a(v) = -2*v + 162*v**2 - 1 - 75*v**2 - 84*v**2. Give a(-1).
4
Let f(x) be the first derivative of 10*x**2 + x - 2. Calculate f(1).
21
Let o be 30/50 + (-82)/(-5). Let d be 4/(-16) - o/(-4). Let f(h) = -h + 6. Determine f(d).
2
Let s(v) = 4*v**3 + 5*v**2 - 8*v - 8. Let z(h) = 7*h**3 + 10*h**2 - 16*h - 15. Let x(n) = 5*s(n) - 3*z(n). Calculate x(-5).
-35
Let b(p) = -p + p + 4*p - 2*p. What is b(-3)?
-6
Let w(b) = -b**3 + 4*b**2 - 2*b - 1. Let o be 16/96 + (-17)/(-6). Calculate w(o).
2
Let q(i) be the third derivative of 0 + 1/24*i**4 - 1/10*i**5 - 2*i**2 + 1/120*i**6 + 0*i + 2/3*i**3. Calculate q(6).
10
Let h(d) = 2*d**2 + 6*d - 3. Let g(c) = c**2 - 1. Let v(r) = -4*g(r) + h(r). Calculate v(5).
-19
Let f(p) = -p**3 - 2*p**2 + p. Let z = 10 - 2. Let a = z - 11. Let m be a + (-2 + 2)/(-1). Determine f(m).
6
Let v(f) = -f**3 + 4*f**2 - f + 2. Let u be 1/1*13/1. Suppose 0 = 3*y + a - u, -4*y - 2*a + 10 = -6. Suppose 0*o + 4*o - 2 = 5*d, 3*o - y = 2*d. Determine v(o).
8
Let k(r) = -r + 1. Suppose 3 = 3*b - 0. Let q(o) = 6*o. Let u(p) = b*q(p) + 3*k(p). Let g = -6 - -3. Calculate u(g).
-6
Suppose 0*y + 16 = 5*y - 2*r, -y + 8 = -2*r. Let h(v) = 4*v - 1 - v - 4*v - 3*v**2. Determine h(y).
-15
Let z(r) be the third derivative of -r**6/120 - r**5/60 - r**4/24 + 13*r**3/6 + r**2. What is z(0)?
13
Suppose 4*w + 28 = -0*w - 4*x, 4*x = 2*w - 16. Let o(b) = 2*b**2 - b - 1. Give o(w).
9
Let r = 18 + -16. Suppose g + t - 4*t = -1, -7 = -g - 5*t. Let n(u) = 2*u - g*u + r - u. Calculate n(4).
-2
Let q(y) = -y**3 - 6*y**2 - 4*y. Suppose -2*g - 3*a + 5*a = 0, -9 = -2*g - a. Let x = g - 2. Suppose 3*k - x = -16. What is q(k)?
-5
Let l(w) = 3*w + w - 5*w - 1. Let x = 1 - 2. Let n = x - 1. Give l(n).
1
Let j(w) be the first derivative of w**7/840 - w**6/90 - 5*w**4/24 + w**3/3 - 2. Let v(s) be the third derivative of j(s). Calculate v(4).
-5
Suppose 0 = 4*n + n + 25. Let k be 0*(10/(-4))/n. Let m(p) = p**2 + 1. What is m(k)?
1
Let d(w) = -w + 3. Let k(o) = 3*o - 8. Let f(q) = 7*d(q) + 2*k(q). Let l be f(0). Let n(c) = -c**2 + 3*c + 4. Determine n(l).
-6
Suppose -24 = -5*i - 9. Suppose -i*g = -2*t + g - 28, 0 = -3*t - 4*g + 8. Let w(p) be the first derivative of -p**4/4 - 5*p**3/3 - 2*p**2 + 1. Calculate w(t).
0
Let r(l) = 0*l**2 - l**3 + 3 + 5*l**2 + l - 6*l. Let y be (-42)/12*8/(-7). Determine r(y).
-1
Suppose 3*g = -g - 24. Let r(o) be the second derivative of o**5/20 + 5*o**4/12 - 5*o**3/6 + 7*o**2/2 + 19*o. Calculate r(g).
1
Let q(t) = -t**2 - 2*t + 1. Let j be q(-3). Let r(d) be the third derivative of -d**6/120 - d**5/20 - d**4/24 + d**3/3 + d**2. What is r(j)?
0
Let w(v) = v. Suppose q - 2*t - 2 = -3*t, -5*t - 15 = 0. Suppose -5*f + 1 = -q*d + 21, 0 = -4*d + 3*f + 17. Suppose 0 = -y - 0*y + d. What is w(y)?
5
Let j(h) = -2*h**2 - 5*h - 2. Suppose 4*s + 39 - 4 = -5*z, 23 = -2*s + 3*z. Let t = s + 7. Determine j(t).
-5
Suppose -w - w = -8. Let p(c) = 7*c**2 - 5*c - w*c**2 + 6*c. Suppose 5*x = -5, -x + 4 = 3*j + 2*j. Determine p(j).
4
Let f be 15/(-9) - (2 - 4). Let s(b) be the second derivative of 0 + 1/20*b**5 + 0*b**2 - b + 0*b**3 - f*b**4. Calculate s(4).
0
Let v(k) = -k**3 - 6*k**2 + 8*k + 1. Let q(s) = 3*s - 1. Let x be q(-2). What is v(x)?
-6
Let f(d) = 5*d**3 - d. Let r(i) = -i**3 + 3*i**2 - i + 2. Suppose o + 10 = 4*p, 2*p - 2 = -2*p + 5*o. Let c be r(p). What is f(c)?
-4
Let j be (2/3)/(1/(-3)). Let l(w) be the third derivative of -w**2 + 1/3*w**3 + 0 - 1/15*w**5 - 1/12*w**4 + 0*w - 1/60*w**6. What is l(j)?
6
Let f(w) = -w**2 + 5*w + 3. Let a(t) = -2*t + 4*t + 2 - 3*t. Let p be a(-2). Calculate f(p).
7
Let f(q) = 2*q**2 + q - 1. Let x be f(1). Let l(w) = -w - 5*w**3 - 3*w**x + 2*w**2 - w**2. What is l(-1)?
4
Let a(y) be the second derivative of -y**5/40 + y**4/24 - 2*y**3/3 - y. Let v(h) be the second derivative of a(h). Calculate v(-1).
4
Let m(u) = -u**3 + u**2 + 2*u - 1. Let z be m(2). Let i(p) = p. Let r(o) = 3*o + o - 4*o + 1 - 5*o. Let b(k) = z*r(k) + 4*i(k). Give b(1).
8
Let d(w) = -w + 4. Let s(n) be the first derivative of 7*n**3/3 - 3*n**2/2 + 3*n - 3. Let x be s(2). Suppose 2*y + 2*q = y + 5, 4*q = -5*y + x. What is d(y)?
-1
Let d(s) = -s - 7 + 9 + 1. Give d(5).
-2
Let p(d) = d - 7. Suppose -3*a = -3*g - 9, 0 = -2*a - 2*a - g + 22. Calculate p(a).
-2
Let l(d) = 9*d - 1. Let n be l(1). Let r(u) = -u + 9. What is r(n)?
1
Let j(a) = a**3 - 6*a**2 + 6*a + 5. Let r(c) = 2*c**2 - c - 1. Let o be r(2). Let f be j(o). Suppose 4*b - 6*b = f. Let d(v) = v + 7. Determine d(b).
2
Suppose -42 = -5*v - 17. Suppose 3*b + 21 + 3 = 0. Let z = b + v. Let s(o) = o**2 + 3*o + 3. Give s(z).
3
Let p(g) = g**2 + g - 1. Suppose l + 3*w = -l - 18, -5*w - 20 = 0. Calculate p(l).
5
Let f(o) = -1 + 3 - 4*o**2 - 5 - 2*o**2. Let d(m) = m**2 - 1. Let r(g) = -5*d(g) - f(g). Determine r(0).
8
Let a(d) be the third derivative of d**5/60 + 5*d**4/24 - 13*d**2. Determine a(-6).
6
Let p(g) = 7*g + 1. Let t(q) = -q**3 - 5*q**2 - 3*q + 3. Let f(r) = -r**2 - 4*r + 1. Let y be f(-5). Let d be t(y). Calculate p(d).
-6
Let a(u) = u - 5. Let x be a(7). Suppose 0 = 3*l - 15, -x*l = -2*m + 6*m - 2. Let k(b) = 2*b + 71*b**3 - b